{"id":193,"date":"2026-04-28T14:09:03","date_gmt":"2026-04-28T12:09:03","guid":{"rendered":"https:\/\/neu.safetyrisksolutions.ch\/?page_id=193"},"modified":"2026-04-29T16:38:48","modified_gmt":"2026-04-29T14:38:48","slug":"ueber-mich","status":"publish","type":"page","link":"https:\/\/safetyrisksolutions.ch\/ueber-mich\/","title":{"rendered":"\u00dcber mich"},"content":{"rendered":"\n<div class=\"wp-block-columns alignwide is-layout-flex wp-container-core-columns-is-layout-4a938530 wp-block-columns-is-layout-flex\">\n<div class=\"wp-block-column about-identity is-layout-flow wp-block-column-is-layout-flow\" style=\"padding-top:64px;padding-bottom:64px;flex-basis:45%\">\n<p class=\"has-custom-teal-color has-text-color has-link-color has-small-font-size wp-elements-eb9bdb8bd24b2a6f266b4c8172fbf1ca\" style=\"letter-spacing:2px;text-transform:uppercase\">\u00dcber mich<\/p>\n\n\n\n<h1 class=\"wp-block-heading\">Fabian Landherr<\/h1>\n\n\n\n<figure class=\"wp-block-image size-full\"><img loading=\"lazy\" decoding=\"async\" width=\"645\" height=\"516\" src=\"https:\/\/safetyrisksolutions.ch\/wp-content\/uploads\/2026\/04\/004_weiss.jpg\" alt=\"\" class=\"wp-image-46\" srcset=\"https:\/\/safetyrisksolutions.ch\/wp-content\/uploads\/2026\/04\/004_weiss.jpg 645w, https:\/\/safetyrisksolutions.ch\/wp-content\/uploads\/2026\/04\/004_weiss-300x240.jpg 300w\" sizes=\"auto, (max-width: 645px) 100vw, 645px\" \/><\/figure>\n<\/div>\n\n\n\n<div class=\"wp-block-column is-vertically-aligned-top is-layout-flow wp-block-column-is-layout-flow\" style=\"flex-basis:55%\">\n<p>Ich komme nicht von der klassischen Beratungsseite ins Thema Safety, sondern aus der operativen Verantwortung heraus.<\/p>\n\n\n\n<p>14 Jahre in der Schweizer Flugsicherung \u2013 vom Flugverkehrsleiter-Trainee \u00fcber Verfahrensexperte bis zum Leiter einer Gesch\u00e4ftseinheit mit 60 Mitarbeitenden in Z\u00fcrich und Genf, mit Verantwortung in der Krisenorganisation sowie der Leitung eines mehrj\u00e4hrigen Change-Programms. Parallel dazu seit 25 Jahren Miliz-Feuerwehrmann.<\/p>\n\n\n\n<p>Zwei Welten, in denen Sicherheit nicht theoretisch diskutiert wird, sondern unter Zeitdruck, mit Konsequenzen und oft unter Unsicherheit funktioniert \u2013 oder eben nicht. Dort habe ich gelernt, wie stark Organisationen von Kultur, F\u00fchrung und Kommunikation gepr\u00e4gt sind \u2013 und wie wenig Handb\u00fccher allein helfen.<\/p>\n\n\n\n<p>Parallel dazu habe ich mich akademisch vertieft: Master in Human Factors &amp; System Safety an der Universit\u00e4t Lund (Schweden), Master in Strategic Management, Bachelor in Wirtschaftsinformatik sowie das International Certificate in Enterprise Risk Management (IRM, London).<\/p>\n\n\n\n<p>Diese Verbindung aus operativer Erfahrung, F\u00fchrungsverantwortung, Systemverst\u00e4ndnis und moderner Safety Science pr\u00e4gt meinen Beratungsansatz.<\/p>\n\n\n\n<p>Seit 2019 arbeite ich beratend \u2013 mit eigenen Mandaten \u00fcber safety &amp; risk solutions GmbH sowie in Zusammenarbeit mit etablierten Beratungsh\u00e4usern. Die Themen reichen vom Aufbau von Enterprise Risk Management im Finanzsektor \u00fcber Projekt- und Qualit\u00e4tsmanagement in Schl\u00fcsselprojekten des Bundes bis zu Safety-, Leadership- und Human-Factors-Themen in Luftfahrt und regulierter IT.<\/p>\n\n\n\n<p>Ich glaube nicht an Sicherheit durch mehr Regeln, sondern an Organisationen, die lernen, mit Unsicherheit professionell umzugehen. Mein Fokus liegt deshalb nicht auf perfekten Prozessen, sondern auf F\u00fchrung, Dialog und Strukturen, die auch unter Druck tragen.<\/p>\n\n\n\n<p>Mein Ansatz ist pragmatisch: kleine Schritte, ehrliche Gespr\u00e4che und L\u00f6sungen, die im Alltag bestehen \u2013 nicht als Papier im Ordner.<\/p>\n\n\n\n<p>Wenn das zu Ihrer Situation passt, freue ich mich auf den Austausch.<\/p>\n\n\n\n<p class=\"has-text-color has-link-color has-small-font-size wp-elements-3cacae4b3fa7a165bdb3f4db61c54270\" style=\"color:#5e6472\">\u2014 safety &amp; risk solutions GmbH \u00b7 Br\u00fcttisellen \u00b7 DE \u00b7 EN \u00b7 FR<\/p>\n\n\n\n<p class=\"back-link has-custom-teal-color has-text-color has-link-color has-small-font-size wp-elements-e11461e7fdd3c6f8b59d84fee69a0a0f\"><a href=\"\/\">\u2190 Zur\u00fcck zur Startseite<\/a><\/p>\n<\/div>\n<\/div>\n\n\n\n<p><\/p>\n","protected":false},"excerpt":{"rendered":"<p>\u00dcber mich Fabian Landherr Ich komme nicht von der klassischen Beratungsseite ins Thema Safety, sondern aus der operativen Verantwortung heraus. 14 Jahre in der Schweizer Flugsicherung \u2013 vom Flugverkehrsleiter-Trainee \u00fcber Verfahrensexperte bis zum Leiter einer Gesch\u00e4ftseinheit mit 60 Mitarbeitenden in Z\u00fcrich und Genf, mit Verantwortung in der Krisenorganisation sowie der Leitung eines mehrj\u00e4hrigen Change-Programms. Parallel [&hellip;]<\/p>\n","protected":false},"author":1,"featured_media":0,"parent":0,"menu_order":0,"comment_status":"closed","ping_status":"closed","template":"home-ohne-titel","meta":{"footnotes":""},"class_list":["post-193","page","type-page","status-publish","hentry"],"_links":{"self":[{"href":"https:\/\/safetyrisksolutions.ch\/?rest_route=\/wp\/v2\/pages\/193","targetHints":{"allow":["GET"]}}],"collection":[{"href":"https:\/\/safetyrisksolutions.ch\/?rest_route=\/wp\/v2\/pages"}],"about":[{"href":"https:\/\/safetyrisksolutions.ch\/?rest_route=\/wp\/v2\/types\/page"}],"author":[{"embeddable":true,"href":"https:\/\/safetyrisksolutions.ch\/?rest_route=\/wp\/v2\/users\/1"}],"replies":[{"embeddable":true,"href":"https:\/\/safetyrisksolutions.ch\/?rest_route=%2Fwp%2Fv2%2Fcomments&post=193"}],"version-history":[{"count":18,"href":"https:\/\/safetyrisksolutions.ch\/?rest_route=\/wp\/v2\/pages\/193\/revisions"}],"predecessor-version":[{"id":321,"href":"https:\/\/safetyrisksolutions.ch\/?rest_route=\/wp\/v2\/pages\/193\/revisions\/321"}],"wp:attachment":[{"href":"https:\/\/safetyrisksolutions.ch\/?rest_route=%2Fwp%2Fv2%2Fmedia&parent=193"}],"curies":[{"name":"wp","href":"https:\/\/api.w.org\/{rel}","templated":true}]}}